-213. List the prime factors of k.
73
Suppose 0 = 5*q - 4*a - 30, -4*q = a - 17 - 7. List the prime factors of -1*17*1/(-2)*q.
3, 17
Let j(l) = -l**2 - l - 1. Let a be j(-3). Let x = 7 + a. Suppose -30 = -2*q + q + 5*s, -2*s - 10 = x. List the prime factors of q.
5
Let v = 909 - 274. What are the prime factors of v?
5, 127
Let x(y) = y**3 + 5*y**2 - 8*y - 9. Let i be x(-6). Suppose i*u - 6*u + 78 = 0. Let w = u + -4. What are the prime factors of w?
2, 11
Let r = -207 + 264. What are the prime factors of r?
3, 19
Let j(o) = 7*o**2 + 4*o. Let d = 3 - 0. Let y be j(d). Let k = y - 23. What are the prime factors of k?
2, 13
What are the prime factors of 1 - -3 - (-1)/(3/12255)?
3, 29, 47
Let c = -18 - -68. Let a = c + -5. What are the prime factors of a?
3, 5
Let t(c) be the second derivative of -c**4/12 - 7*c**3/6 - 5*c**2/2 - 4*c. Let j be t(-4). Suppose -j*y + 42 = -4*y. What are the prime factors of y?
2, 7
Let y(r) = -r - 41*r**3 + 0*r**2 + 42*r**3 + 7*r**2 + 0 - 2. What are the prime factors of y(-5)?
53
Let h(d) = 18 - 7 - 7 + d**2 - 7 - 2*d. Suppose 4*f + 12 = 0, -6*f + 21 = -4*z - 5*f. What are the prime factors of h(z)?
3, 5
Let z(v) = -v**2 + 3*v - 2. Let c be z(1). Suppose 3*s + 0*s + 6 = c. List the prime factors of s + 41 - (-4 - -1).
2, 3, 7
Let h(n) = -3*n + 10 + 4 + 3 - 16. List the prime factors of h(-8).
5
Suppose -x + 2*w = -767, 3*w + 3327 + 487 = 5*x. List the prime factors of x.
761
Let q be (-27)/(-2) + (-1)/2. Let t(g) = -4*g + 19. Let p(b) = 9*b - 38. Let r(o) = -2*p(o) - 5*t(o). What are the prime factors of r(q)?
7
Let u be 268 + 2 + (-27)/(-9) - -3. Suppose -16*b = -18*b + u. What are the prime factors of b?
2, 3, 23
Let j(b) be the first derivative of -b**4/4 - 2*b**3/3 + 5*b**2/2 + 6*b - 4. Let f be j(-3). Suppose 4*h - 260 + 40 = f. What are the prime factors of h?
5, 11
Suppose 3*z - 238 - 503 = 0. What are the prime factors of z?
13, 19
Suppose -2*w - 2*w - 758 = -3*k, 3*k = w + 743. Suppose -50 + k = 2*b - 3*h, 5*b - 490 = h. List the prime factors of b.
2, 7
Let q = 2 - -2. Suppose -18 = -4*k - c, q*c = 3*k - 8*k + 17. Suppose k*p - 68 = 77. What are the prime factors of p?
29
Suppose 4*t - 2*p = 1564, 1176 = 3*t - 26*p + 23*p. List the prime factors of t.
2, 3, 5, 13
Let v(m) = m**3 + 11*m**2 - 14*m - 2. Let o be v(-12). Let t = -7 + o. List the prime factors of 1*3 - (t - 47).
5, 7
Let t(g) = g**3 + g**2 + g + 184. Let h be t(0). Let v be h/40 - 2/(-5). Suppose s + 4 = 0, -4*s = v*q - 0*q - 74. What are the prime factors of q?
2, 3
Let s(v) = v**2 - 25*v + 8. Suppose -100 = 4*f - 7*f + 5*x, -f + 50 = -5*x. List the prime factors of s(f).
2
Let r(j) = j**2 - 3. Let m be r(-3). Suppose 3*f - 213 = 2*b, -3*f + m*f = -3*b + 198. What are the prime factors of f?
3, 23
Suppose -6*p = 2*p - 1472. Let j = p + 144. List the prime factors of j.
2, 41
Suppose -7462 = -29*c + 3*c. List the prime factors of c.
7, 41
Let b(k) = 8*k - 16. Let u be b(-7). List the prime factors of u*(-2)/(2 + 2).
2, 3
Let w = 1379 + 2827. List the prime factors of w.
2, 3, 701
What are the prime factors of 106*4 - 72/18?
2, 3, 5, 7
Let p(q) = q**3 + 7*q**2 + 2*q - 6. Let z be p(-7). Let x = z + 24. Suppose -3*o + 200 = 2*o + 5*d, 0 = o + x*d - 40. List the prime factors of o.
2, 5
Suppose 7*n - 5*n - 374 = 0. Suppose n + 73 = l. Suppose -5*y + 260 = -2*s, -y - l = -6*y + 3*s. List the prime factors of y.
2, 13
Suppose 52 = -0*b + 2*b. Let q(f) = 10 - b + 9 + 6*f + 8. What are the prime factors of q(5)?
31
Suppose 293 = 5*j - 547. What are the prime factors of j?
2, 3, 7
Suppose -3*t - 538 = 5*j - 20, 0 = t - j + 178. Let x = -83 - t. What are the prime factors of x?
3, 31
Suppose 4*j - 1498 = -2*p, -2*p + 7*p - 1865 = -5*j. Let t = j - 108. List the prime factors of t.
2, 67
Suppose 3*v - v - 2 = 0. What are the prime factors of 3/(-2)*(v - 17)?
2, 3
Let i be -60*((-16)/(-10))/(-4). Suppose 3*q = -0*q + i. Suppose 0 = 3*g - q - 43. List the prime factors of g.
17
Let f = -26 + 163. Let r = 158 - f. List the prime factors of r.
3, 7
Let u(k) = k**2 + 6*k - 5. Let a be u(-6). Let f = -27 + 21. What are the prime factors of (-130)/f + a/(-15)?
2, 11
Let y = 44 - 48. What are the prime factors of (y + 4*(-1)/3)*-12?
2
Let q be 2/(-11) + 3633/77. Let j = -22 + q. List the prime factors of j.
5
List the prime factors of 9165/20 + (34/(-8) - -4).
2, 229
Let k(i) = -7*i + 12. Let c be k(3). What are the prime factors of 59*(-3)/c - (-6)/(-9)?
19
Let h(b) = 15*b - 1. Suppose -l + 3*l = 8. What are the prime factors of h(l)?
59
Suppose -d + 195 = -148. Suppose 4*n + 79 = 5*s - 265, 5*s = 3*n + d. What are the prime factors of s?
2, 17
Let w = 1405 - 763. What are the prime factors of w?
2, 3, 107
Let c(l) = -l**3 + 8*l**2 - 2*l + 1. Let w be c(7). Suppose -s = s + w. What are the prime factors of 12/s + (-26)/(-3)?
2
Suppose 652 + 1376 = -26*t. Suppose -346 = 2*y - 5*m - 51, -5*m = -5*y - 700. Let w = t - y. What are the prime factors of w?
3, 19
Suppose 1581 = 10*u - 1499. List the prime factors of u.
2, 7, 11
Let v be -6 - -8 - (1 + 25). Let h be (5/4)/((-1)/8). Let y = h - v. What are the prime factors of y?
2, 7
Suppose 0 = -3*k + 12, v - k + 1 + 0 = 0. Suppose z + v*s = 14, -3*z + 19 = -2*z - 2*s. Suppose 0 = w + 3 - z. What are the prime factors of w?
2, 7
Let o be 78/(-3)*2/4. Suppose 3*u + 10 = 2*q, q + 2*u - 23 = -25. What are the prime factors of (q - (4 + o))/1?
11
Suppose 2*v + 41 = 3*h, 35 - 14 = 2*h + 5*v. Suppose -3*g - 5*u + h = 0, g + 0*g + 5*u = 11. Let c = 20 + g. List the prime factors of c.
3, 7
Suppose 2*d = -d - 99. Let w = -29 - d. Suppose -w*x = -f + x + 89, -16 = 4*x. List the prime factors of f.
3, 23
Suppose 0 = -4*a - 1915 + 2151. List the prime factors of a.
59
List the prime factors of -1*6798/(-12) - (-1)/(-2).
2, 283
Let f = -16 - 7. Let l = f - -76. List the prime factors of l.
53
List the prime factors of ((-10140)/39)/(4/(-14)).
2, 5, 7, 13
Let s(x) = x + 12. Let r be s(-6). Suppose r*k = 150 + 30. What are the prime factors of k?
2, 3, 5
Let n be 95/5 + 1*-3. Suppose -2*u - 3*d - 15 = -5*u, 0 = d - 2. Let m = n - u. List the prime factors of m.
3
Let r be 40/8*6/5. Let h = -37 - -83. Let i = r + h. What are the prime factors of i?
2, 13
Suppose 5*q + 619 = -5*b + 8294, -2*q + 2*b = -3050. What are the prime factors of q?
2, 3, 5, 17
Let v(a) = 3*a**2 - 5*a. Let j be v(4). Suppose 4*s + 88 = j. What are the prime factors of (-279)/s - 4/(-10)?
19
Suppose -2*g - 4*s = -6*g + 1156, 0 = 4*s. What are the prime factors of g?
17
List the prime factors of (790 - 0) + -19 + 17.
2, 197
Suppose -2*p = 3*f - 5686, -6*p + 14241 = -p + f. List the prime factors of p.
7, 11, 37
Let q(r) = -2*r**3 - 2*r**2 + 24*r - 34. What are the prime factors of q(-9)?
2, 523
Let n(g) = -g**3 + 8*g**2 - 8*g - 8. Let i be n(7). Let t = i - -28. What are the prime factors of t?
13
Suppose 0 = -9*h + 6*h + 9. Suppose h*p = -4*v - v + 290, v - 498 = -5*p. List the prime factors of p.
2, 5
Let l = 414 + 825. What are the prime factors of l?
3, 7, 59
Let b(u) = 83*u**3 - 2*u**2 - 6*u + 11. What are the prime factors of b(3)?
2, 277
Let p(c) = -9*c + 13. Let z(s) = 27*s - 40. Let q(k) = -17*p(k) - 6*z(k). List the prime factors of q(-5).
2
Let g = -147 + 242. What are the prime factors of g?
5, 19
What are the prime factors of 405 + (-4)/4*-6?
3, 137
Let i be (-3)/(2*15/340). Let j = 82 + i. List the prime factors of j.
2, 3
Suppose 2*h - 3*n - 4008 = -h, -2*h + 4*n + 2664 = 0. What are the prime factors of h?
2, 5, 67
Suppose -2247 + 144 = -3*r. List the prime factors of r.
701
Let a(y) = 25*y**2 + 49*y - 13. List the prime factors of a(-6).
593
Let h = -3 - -5. Suppose 2*d + 3*g - g = 132, h*g + 6 = 0. Suppose -5*c + d = 4*t, -6*c + c = -3*t + 8. What are the prime factors of t?
11
What are the prime factors of (1 - 43)*(0 + -4 + -3)?
2, 3, 7
Let y(k) = 5*k**2 + 7*k + 7. Let t(g) = -g**2. Let w(x) = -4*t(x) - y(x). What are the prime factors of w(-5)?
3
Let k(c) be the second derivative of -c**6/120 - c**5/60 + c**4/24 + c**2 + 2*c. Let z(q) be the first derivative of k(q). List the prime factors of z(-3).
3, 5
Let h be -179 + -2 - 0 - (1 - 1). Let t = 258 + h. List the prime factors of t.
7, 11
What are the prime factors of 45*(1/(5/(-20)))/(